{"id":518,"date":"2020-03-16T16:24:02","date_gmt":"2020-03-16T16:24:02","guid":{"rendered":"http:\/\/www.scentfe.com\/index.php\/projects\/portfolio-v-5\/"},"modified":"2020-03-16T16:24:02","modified_gmt":"2020-03-16T16:24:02","slug":"portfolio-v-5","status":"publish","type":"page","link":"https:\/\/www.scentfe.com\/index.php\/projects\/portfolio-v-5\/","title":{"rendered":"Carousel"},"content":{"rendered":"\t\t<div data-elementor-type=\"wp-page\" data-elementor-id=\"518\" class=\"elementor elementor-518\" data-elementor-post-type=\"page\">\n\t\t\t\t\t\t<section class=\"elementor-section elementor-top-section elementor-element elementor-element-59cb99e elementor-section-boxed elementor-section-height-default elementor-section-height-default\" data-id=\"59cb99e\" data-element_type=\"section\" data-e-type=\"section\">\n\t\t\t\t\t\t<div class=\"elementor-container elementor-column-gap-wider\">\n\t\t\t\t\t<div class=\"elementor-column elementor-col-100 elementor-top-column elementor-element elementor-element-97e5898\" data-id=\"97e5898\" data-element_type=\"column\" data-e-type=\"column\">\n\t\t\t<div class=\"elementor-widget-wrap elementor-element-populated\">\n\t\t\t\t\t\t<div class=\"elementor-element elementor-element-df4e562 elementor-widget elementor-widget-heading\" data-id=\"df4e562\" data-element_type=\"widget\" data-e-type=\"widget\" data-widget_type=\"heading.default\">\n\t\t\t\t<div class=\"elementor-widget-container\">\n\t\t\t\t\t<h1 class=\"elementor-heading-title elementor-size-default\">Our works<\/h1>\t\t\t\t<\/div>\n\t\t\t\t<\/div>\n\t\t\t\t<div class=\"elementor-element elementor-element-504b6a3 elementor-widget elementor-widget-spacer\" data-id=\"504b6a3\" data-element_type=\"widget\" data-e-type=\"widget\" data-widget_type=\"spacer.default\">\n\t\t\t\t<div class=\"elementor-widget-container\">\n\t\t\t\t\t\t\t<div class=\"elementor-spacer\">\n\t\t\t<div class=\"elementor-spacer-inner\"><\/div>\n\t\t<\/div>\n\t\t\t\t\t\t<\/div>\n\t\t\t\t<\/div>\n\t\t\t\t<div class=\"elementor-element elementor-element-1cd9872 elementor-widget elementor-widget-text-editor\" data-id=\"1cd9872\" data-element_type=\"widget\" data-e-type=\"widget\" data-widget_type=\"text-editor.default\">\n\t\t\t\t<div class=\"elementor-widget-container\">\n\t\t\t\t\t\t\t\t\t<p>Cutting-edge, functional &amp; beautiful. This is some of the projects we have been crafting lately. Have a look!<\/p>\t\t\t\t\t\t\t\t<\/div>\n\t\t\t\t<\/div>\n\t\t\t\t\t<\/div>\n\t\t<\/div>\n\t\t\t\t\t<\/div>\n\t\t<\/section>\n\t\t\t\t<section class=\"elementor-section elementor-top-section elementor-element elementor-element-65c7128 elementor-section-boxed elementor-section-height-default elementor-section-height-default\" data-id=\"65c7128\" data-element_type=\"section\" data-e-type=\"section\">\n\t\t\t\t\t\t<div class=\"elementor-container elementor-column-gap-wider\">\n\t\t\t\t\t<div class=\"elementor-column elementor-col-100 elementor-top-column elementor-element elementor-element-e07f757\" data-id=\"e07f757\" data-element_type=\"column\" data-e-type=\"column\">\n\t\t\t<div class=\"elementor-widget-wrap elementor-element-populated\">\n\t\t\t\t\t\t<div class=\"elementor-element elementor-element-90da422 bullets-scale-up arrows-relative-to-image preserve-img-ratio-cover elementor-widget elementor-widget-the7_elements_carousel\" data-id=\"90da422\" data-element_type=\"widget\" data-e-type=\"widget\" data-settings=\"{&quot;gap_between_posts&quot;:{&quot;unit&quot;:&quot;px&quot;,&quot;size&quot;:60,&quot;sizes&quot;:[]},&quot;widget_columns_wide_desktop&quot;:3,&quot;normal_arrow_bg_color&quot;:&quot;#00000000&quot;,&quot;widget_columns_tablet&quot;:2,&quot;widget_columns_mobile&quot;:1,&quot;gap_between_posts_tablet&quot;:{&quot;unit&quot;:&quot;px&quot;,&quot;size&quot;:&quot;&quot;,&quot;sizes&quot;:[]},&quot;gap_between_posts_mobile&quot;:{&quot;unit&quot;:&quot;px&quot;,&quot;size&quot;:&quot;&quot;,&quot;sizes&quot;:[]}}\" data-widget_type=\"the7_elements_carousel.default\">\n\t\t\t\t<div class=\"elementor-widget-container\">\n\t\t\t\t\t<div class=\"the7_elements_carousel-90da422 owl-carousel portfolio-carousel-shortcode elementor-owl-carousel-call portfolio-shortcode the7-elementor-widget content-bg-on classic-layout-list description-under-image meta-info-off\" data-scroll-mode=\"1\" data-auto-height=\"false\" data-speed=\"800\" data-autoplay=\"false\" data-autoplay_speed=\"\"><article class=\"post visible post-479 dt_portfolio type-dt_portfolio status-publish has-post-thumbnail hentry\">\n\n\t<div class=\"post-thumbnail-wrap\">\n\t\t<div class=\"post-thumbnail\">\n\n\t\t\t<a class=\"post-thumbnail-rollover layzr-bg img-css-resize-wrapper\" aria-label=\"Post image\" href=\"https:\/\/www.scentfe.com\/index.php\/project\/project017\/\"><img fetchpriority=\"high\" decoding=\"async\" width=\"1024\" height=\"1024\" src=\"data:image\/svg+xml,%3Csvg%20xmlns%3D&#039;http%3A%2F%2Fwww.w3.org%2F2000%2Fsvg&#039;%20viewBox%3D&#039;0%200%201024%201024&#039;%2F%3E\" class=\"attachment-full size-full preload-me aspect lazy lazy-load\" alt=\"\" sizes=\"(max-width: 1024px) 100vw, 1024px\" style=\"--ratio: 1024 \/ 1024;\" data-src=\"https:\/\/www.scentfe.com\/wp-content\/uploads\/2021\/03\/DALL\u00b7E-2024-12-03-13.47.42-A-sleek-and-elegant-perfume-bottle-placed-among-vibrant-blooming-flowers-in-a-natural-and-serene-setting.-The-bottle-is-made-of-clear-glass-with-a-mi.webp\" loading=\"eager\" data-srcset=\"https:\/\/www.scentfe.com\/wp-content\/uploads\/2021\/03\/DALL\u00b7E-2024-12-03-13.47.42-A-sleek-and-elegant-perfume-bottle-placed-among-vibrant-blooming-flowers-in-a-natural-and-serene-setting.-The-bottle-is-made-of-clear-glass-with-a-mi.webp 1024w, https:\/\/www.scentfe.com\/wp-content\/uploads\/2021\/03\/DALL\u00b7E-2024-12-03-13.47.42-A-sleek-and-elegant-perfume-bottle-placed-among-vibrant-blooming-flowers-in-a-natural-and-serene-setting.-The-bottle-is-made-of-clear-glass-with-a-mi-300x300.webp 300w, https:\/\/www.scentfe.com\/wp-content\/uploads\/2021\/03\/DALL\u00b7E-2024-12-03-13.47.42-A-sleek-and-elegant-perfume-bottle-placed-among-vibrant-blooming-flowers-in-a-natural-and-serene-setting.-The-bottle-is-made-of-clear-glass-with-a-mi-150x150.webp 150w, https:\/\/www.scentfe.com\/wp-content\/uploads\/2021\/03\/DALL\u00b7E-2024-12-03-13.47.42-A-sleek-and-elegant-perfume-bottle-placed-among-vibrant-blooming-flowers-in-a-natural-and-serene-setting.-The-bottle-is-made-of-clear-glass-with-a-mi-768x768.webp 768w\" \/><\/a>\n\t\t<\/div>\n\t<\/div>\n\n\n<div class=\"post-entry-content\">\n\n\t<h3 class=\"ele-entry-title\"><a href=\"https:\/\/www.scentfe.com\/index.php\/project\/project017\/\" rel=\"bookmark\" title=\"Velvet Dusk\">Velvet Dusk<\/a><\/h3><div class=\"entry-excerpt\"><p>Velvet Dusk, modern zarafeti ve zamans\u0131z sofistikeli\u011fi bir \u015fi\u015fede bulu\u015fturuyor. Meyvemsi ve odunsu notalar\u0131n kusursuz birle\u015fimi, her ortamda kal\u0131c\u0131 bir etki b\u0131rak\u0131r.<\/p>\n<\/div><a href=\"https:\/\/www.scentfe.com\/index.php\/project\/project017\/\" target=\"\" aria-label=\"Read more about Velvet Dusk\" class=\"box-button elementor-button elementor-size-sm\">Case details<\/a>\n<\/div><\/article><article class=\"post visible post-460 dt_portfolio type-dt_portfolio status-publish has-post-thumbnail hentry\">\n\n\t<div class=\"post-thumbnail-wrap\">\n\t\t<div class=\"post-thumbnail\">\n\n\t\t\t<a class=\"post-thumbnail-rollover layzr-bg img-css-resize-wrapper\" aria-label=\"Post image\" href=\"https:\/\/www.scentfe.com\/index.php\/project\/project002\/\"><img decoding=\"async\" width=\"1024\" height=\"1024\" src=\"data:image\/svg+xml,%3Csvg%20xmlns%3D&#039;http%3A%2F%2Fwww.w3.org%2F2000%2Fsvg&#039;%20viewBox%3D&#039;0%200%201024%201024&#039;%2F%3E\" class=\"attachment-full size-full preload-me aspect lazy lazy-load\" alt=\"\" sizes=\"(max-width: 1024px) 100vw, 1024px\" style=\"--ratio: 1024 \/ 1024;\" data-src=\"https:\/\/www.scentfe.com\/wp-content\/uploads\/2020\/03\/DALL\u00b7E-2024-12-03-14.14.34-A-serene-and-artistic-composition-featuring-an-elegant-perfume-bottle-nestled-among-amber-colored-tones-and-sandalwood-elements.-The-scene-captures-th.webp\" loading=\"eager\" data-srcset=\"https:\/\/www.scentfe.com\/wp-content\/uploads\/2020\/03\/DALL\u00b7E-2024-12-03-14.14.34-A-serene-and-artistic-composition-featuring-an-elegant-perfume-bottle-nestled-among-amber-colored-tones-and-sandalwood-elements.-The-scene-captures-th.webp 1024w, https:\/\/www.scentfe.com\/wp-content\/uploads\/2020\/03\/DALL\u00b7E-2024-12-03-14.14.34-A-serene-and-artistic-composition-featuring-an-elegant-perfume-bottle-nestled-among-amber-colored-tones-and-sandalwood-elements.-The-scene-captures-th-300x300.webp 300w, https:\/\/www.scentfe.com\/wp-content\/uploads\/2020\/03\/DALL\u00b7E-2024-12-03-14.14.34-A-serene-and-artistic-composition-featuring-an-elegant-perfume-bottle-nestled-among-amber-colored-tones-and-sandalwood-elements.-The-scene-captures-th-150x150.webp 150w, https:\/\/www.scentfe.com\/wp-content\/uploads\/2020\/03\/DALL\u00b7E-2024-12-03-14.14.34-A-serene-and-artistic-composition-featuring-an-elegant-perfume-bottle-nestled-among-amber-colored-tones-and-sandalwood-elements.-The-scene-captures-th-768x768.webp 768w\" \/><\/a>\n\t\t<\/div>\n\t<\/div>\n\n\n<div class=\"post-entry-content\">\n\n\t<h3 class=\"ele-entry-title\"><a href=\"https:\/\/www.scentfe.com\/index.php\/project\/project002\/\" rel=\"bookmark\" title=\"Amber Twilight\">Amber Twilight<\/a><\/h3><div class=\"entry-excerpt\"><p>Amber Twilight tatl\u0131 baharatl\u0131 ve odunsu notalar\u0131yla tutkulu bir hikaye anlat\u0131r. Zarafeti ve s\u0131cakl\u0131\u011f\u0131 bir araya getiren bu koku, her an\u0131 unutulmaz k\u0131lar.<\/p>\n<\/div><a href=\"https:\/\/www.scentfe.com\/index.php\/project\/project002\/\" target=\"\" aria-label=\"Read more about Amber Twilight\" class=\"box-button elementor-button elementor-size-sm\">Case details<\/a>\n<\/div><\/article><article class=\"post visible post-87 dt_portfolio type-dt_portfolio status-publish has-post-thumbnail hentry\">\n\n\t<div class=\"post-thumbnail-wrap\">\n\t\t<div class=\"post-thumbnail\">\n\n\t\t\t<a class=\"post-thumbnail-rollover layzr-bg img-css-resize-wrapper\" aria-label=\"Post image\" href=\"https:\/\/www.scentfe.com\/index.php\/project\/project003\/\"><img decoding=\"async\" width=\"1024\" height=\"1024\" src=\"data:image\/svg+xml,%3Csvg%20xmlns%3D&#039;http%3A%2F%2Fwww.w3.org%2F2000%2Fsvg&#039;%20viewBox%3D&#039;0%200%201024%201024&#039;%2F%3E\" class=\"attachment-full size-full preload-me aspect lazy lazy-load\" alt=\"\" sizes=\"(max-width: 1024px) 100vw, 1024px\" style=\"--ratio: 1024 \/ 1024;\" data-src=\"https:\/\/www.scentfe.com\/wp-content\/uploads\/2020\/03\/DALL\u00b7E-2024-12-04-14.24.54-A-beautifully-designed-perfume-essence-bottle-surrounded-by-a-mix-of-delicate-flowers-and-fruits-including-jasmine-gardenia-ylang-ylang-bergamot-.webp\" loading=\"eager\" data-srcset=\"https:\/\/www.scentfe.com\/wp-content\/uploads\/2020\/03\/DALL\u00b7E-2024-12-04-14.24.54-A-beautifully-designed-perfume-essence-bottle-surrounded-by-a-mix-of-delicate-flowers-and-fruits-including-jasmine-gardenia-ylang-ylang-bergamot-.webp 1024w, https:\/\/www.scentfe.com\/wp-content\/uploads\/2020\/03\/DALL\u00b7E-2024-12-04-14.24.54-A-beautifully-designed-perfume-essence-bottle-surrounded-by-a-mix-of-delicate-flowers-and-fruits-including-jasmine-gardenia-ylang-ylang-bergamot--300x300.webp 300w, https:\/\/www.scentfe.com\/wp-content\/uploads\/2020\/03\/DALL\u00b7E-2024-12-04-14.24.54-A-beautifully-designed-perfume-essence-bottle-surrounded-by-a-mix-of-delicate-flowers-and-fruits-including-jasmine-gardenia-ylang-ylang-bergamot--150x150.webp 150w, https:\/\/www.scentfe.com\/wp-content\/uploads\/2020\/03\/DALL\u00b7E-2024-12-04-14.24.54-A-beautifully-designed-perfume-essence-bottle-surrounded-by-a-mix-of-delicate-flowers-and-fruits-including-jasmine-gardenia-ylang-ylang-bergamot--768x768.webp 768w\" \/><\/a>\n\t\t<\/div>\n\t<\/div>\n\n\n<div class=\"post-entry-content\">\n\n\t<h3 class=\"ele-entry-title\"><a href=\"https:\/\/www.scentfe.com\/index.php\/project\/project003\/\" rel=\"bookmark\" title=\"Golden Horizon\">Golden Horizon<\/a><\/h3><div class=\"entry-excerpt\"><p>Golden Horizon sofistike ve zamans\u0131z bir koku arayanlar i\u00e7in e\u015fsiz bir se\u00e7enektir. Siyah orkide, \u00e7ikolata, pa\u00e7uli ve baharat notalar\u0131yla derin, cazibeli ve ba\u015ftan \u00e7\u0131kar\u0131c\u0131 bir iz b\u0131rak\u0131<\/p>\n<\/div><a href=\"https:\/\/www.scentfe.com\/index.php\/project\/project003\/\" target=\"\" aria-label=\"Read more about Golden Horizon\" class=\"box-button elementor-button elementor-size-sm\">Case details<\/a>\n<\/div><\/article><article class=\"post visible post-111 dt_portfolio type-dt_portfolio status-publish has-post-thumbnail hentry\">\n\n\t<div class=\"post-thumbnail-wrap\">\n\t\t<div class=\"post-thumbnail\">\n\n\t\t\t<a class=\"post-thumbnail-rollover layzr-bg img-css-resize-wrapper\" aria-label=\"Post image\" href=\"https:\/\/www.scentfe.com\/index.php\/project\/project005\/\"><img decoding=\"async\" width=\"1024\" height=\"1024\" src=\"data:image\/svg+xml,%3Csvg%20xmlns%3D&#039;http%3A%2F%2Fwww.w3.org%2F2000%2Fsvg&#039;%20viewBox%3D&#039;0%200%201024%201024&#039;%2F%3E\" class=\"attachment-full size-full preload-me aspect lazy lazy-load\" alt=\"\" sizes=\"(max-width: 1024px) 100vw, 1024px\" style=\"--ratio: 1024 \/ 1024;\" data-src=\"https:\/\/www.scentfe.com\/wp-content\/uploads\/2020\/03\/DALL\u00b7E-2024-12-04-16.22.47-A-visually-captivating-transparent-perfume-essence-bottle-surrounded-by-blackcurrants-bergamot-slices-mandarin-orange-segments-and-delicate-freesi.webp\" loading=\"eager\" data-srcset=\"https:\/\/www.scentfe.com\/wp-content\/uploads\/2020\/03\/DALL\u00b7E-2024-12-04-16.22.47-A-visually-captivating-transparent-perfume-essence-bottle-surrounded-by-blackcurrants-bergamot-slices-mandarin-orange-segments-and-delicate-freesi.webp 1024w, https:\/\/www.scentfe.com\/wp-content\/uploads\/2020\/03\/DALL\u00b7E-2024-12-04-16.22.47-A-visually-captivating-transparent-perfume-essence-bottle-surrounded-by-blackcurrants-bergamot-slices-mandarin-orange-segments-and-delicate-freesi-300x300.webp 300w, https:\/\/www.scentfe.com\/wp-content\/uploads\/2020\/03\/DALL\u00b7E-2024-12-04-16.22.47-A-visually-captivating-transparent-perfume-essence-bottle-surrounded-by-blackcurrants-bergamot-slices-mandarin-orange-segments-and-delicate-freesi-150x150.webp 150w, https:\/\/www.scentfe.com\/wp-content\/uploads\/2020\/03\/DALL\u00b7E-2024-12-04-16.22.47-A-visually-captivating-transparent-perfume-essence-bottle-surrounded-by-blackcurrants-bergamot-slices-mandarin-orange-segments-and-delicate-freesi-768x768.webp 768w\" \/><\/a>\n\t\t<\/div>\n\t<\/div>\n\n\n<div class=\"post-entry-content\">\n\n\t<h3 class=\"ele-entry-title\"><a href=\"https:\/\/www.scentfe.com\/index.php\/project\/project005\/\" rel=\"bookmark\" title=\"Lush Meadow\">Lush Meadow<\/a><\/h3><div class=\"entry-excerpt\"><p>Armani S\u00ec, frenk \u00fcz\u00fcm\u00fc, vanilya, pa\u00e7uli ve odunsu notalar\u0131n uyumuyla ortam\u0131n\u0131za sofistike bir atmosfer katar. Ferahlat\u0131c\u0131 ve zarif dokusuyla bulundu\u011funuz alanlara e\u015fsiz bir \u015f\u0131kl\u0131k ve huzur getirir. Hem modern hem de davetkar bir ambiyans yaratmak i\u00e7in m\u00fckemmel bir tercih.<\/p>\n<\/div><a href=\"https:\/\/www.scentfe.com\/index.php\/project\/project005\/\" target=\"\" aria-label=\"Read more about Lush Meadow\" class=\"box-button elementor-button elementor-size-sm\">Case details<\/a>\n<\/div><\/article><article class=\"post visible post-108 dt_portfolio type-dt_portfolio status-publish has-post-thumbnail hentry\">\n\n\t<div class=\"post-thumbnail-wrap\">\n\t\t<div class=\"post-thumbnail\">\n\n\t\t\t<a class=\"post-thumbnail-rollover layzr-bg img-css-resize-wrapper\" aria-label=\"Post image\" href=\"https:\/\/www.scentfe.com\/index.php\/project\/project001\/\"><img decoding=\"async\" width=\"1024\" height=\"1024\" src=\"data:image\/svg+xml,%3Csvg%20xmlns%3D&#039;http%3A%2F%2Fwww.w3.org%2F2000%2Fsvg&#039;%20viewBox%3D&#039;0%200%201024%201024&#039;%2F%3E\" class=\"attachment-full size-full preload-me aspect lazy lazy-load\" alt=\"\" sizes=\"(max-width: 1024px) 100vw, 1024px\" style=\"--ratio: 1024 \/ 1024;\" data-src=\"https:\/\/www.scentfe.com\/wp-content\/uploads\/2020\/03\/DALL\u00b7E-2024-12-04-16.43.16-A-sophisticated-and-elegant-perfume-essence-bottle-made-of-transparent-glass-placed-amidst-a-harmonious-arrangement-of-bitter-almonds-saffron-jasmi.webp\" loading=\"eager\" data-srcset=\"https:\/\/www.scentfe.com\/wp-content\/uploads\/2020\/03\/DALL\u00b7E-2024-12-04-16.43.16-A-sophisticated-and-elegant-perfume-essence-bottle-made-of-transparent-glass-placed-amidst-a-harmonious-arrangement-of-bitter-almonds-saffron-jasmi.webp 1024w, https:\/\/www.scentfe.com\/wp-content\/uploads\/2020\/03\/DALL\u00b7E-2024-12-04-16.43.16-A-sophisticated-and-elegant-perfume-essence-bottle-made-of-transparent-glass-placed-amidst-a-harmonious-arrangement-of-bitter-almonds-saffron-jasmi-300x300.webp 300w, https:\/\/www.scentfe.com\/wp-content\/uploads\/2020\/03\/DALL\u00b7E-2024-12-04-16.43.16-A-sophisticated-and-elegant-perfume-essence-bottle-made-of-transparent-glass-placed-amidst-a-harmonious-arrangement-of-bitter-almonds-saffron-jasmi-150x150.webp 150w, https:\/\/www.scentfe.com\/wp-content\/uploads\/2020\/03\/DALL\u00b7E-2024-12-04-16.43.16-A-sophisticated-and-elegant-perfume-essence-bottle-made-of-transparent-glass-placed-amidst-a-harmonious-arrangement-of-bitter-almonds-saffron-jasmi-768x768.webp 768w\" \/><\/a>\n\t\t<\/div>\n\t<\/div>\n\n\n<div class=\"post-entry-content\">\n\n\t<h3 class=\"ele-entry-title\"><a href=\"https:\/\/www.scentfe.com\/index.php\/project\/project001\/\" rel=\"bookmark\" title=\"Amber Bloom\">Amber Bloom<\/a><\/h3><div class=\"entry-excerpt\"><p>Amber Bloom mek\u00e2n\u0131n\u0131za l\u00fcks\u00fcn ve zarafetin b\u00fcy\u00fcleyici dokunu\u015funu getirir. \u00d6zel harman\u0131, odunsu ve amber notalar\u0131yla sofistike bir atmosfer yarat\u0131rken, hafif \u00e7i\u00e7eksi esintiler ferahl\u0131k kat\u0131yor. Her nefeste ince bir ihti\u015fam ve dinginlik hissi sunan bu koku, bulundu\u011funuz her alanda unutulmaz bir imza b\u0131rak\u0131r<\/p>\n<\/div><a href=\"https:\/\/www.scentfe.com\/index.php\/project\/project001\/\" target=\"\" aria-label=\"Read more about Amber Bloom\" class=\"box-button elementor-button elementor-size-sm\">Case details<\/a>\n<\/div><\/article><article class=\"post visible post-99 dt_portfolio type-dt_portfolio status-publish has-post-thumbnail hentry\">\n\n\t<div class=\"post-thumbnail-wrap\">\n\t\t<div class=\"post-thumbnail\">\n\n\t\t\t<a class=\"post-thumbnail-rollover layzr-bg img-css-resize-wrapper\" aria-label=\"Post image\" href=\"https:\/\/www.scentfe.com\/index.php\/project\/project006\/\"><img decoding=\"async\" width=\"1024\" height=\"1024\" src=\"data:image\/svg+xml,%3Csvg%20xmlns%3D&#039;http%3A%2F%2Fwww.w3.org%2F2000%2Fsvg&#039;%20viewBox%3D&#039;0%200%201024%201024&#039;%2F%3E\" class=\"attachment-full size-full preload-me aspect lazy lazy-load\" alt=\"\" sizes=\"(max-width: 1024px) 100vw, 1024px\" style=\"--ratio: 1024 \/ 1024;\" data-src=\"https:\/\/www.scentfe.com\/wp-content\/uploads\/2020\/03\/DALL\u00b7E-2024-12-04-16.56.58-A-sophisticated-and-elegant-transparent-perfume-essence-bottle-surrounded-by-ingredients-like-bergamot-lemon-green-mandarin-orange-blossom-and-Cal.webp\" loading=\"eager\" data-srcset=\"https:\/\/www.scentfe.com\/wp-content\/uploads\/2020\/03\/DALL\u00b7E-2024-12-04-16.56.58-A-sophisticated-and-elegant-transparent-perfume-essence-bottle-surrounded-by-ingredients-like-bergamot-lemon-green-mandarin-orange-blossom-and-Cal.webp 1024w, https:\/\/www.scentfe.com\/wp-content\/uploads\/2020\/03\/DALL\u00b7E-2024-12-04-16.56.58-A-sophisticated-and-elegant-transparent-perfume-essence-bottle-surrounded-by-ingredients-like-bergamot-lemon-green-mandarin-orange-blossom-and-Cal-300x300.webp 300w, https:\/\/www.scentfe.com\/wp-content\/uploads\/2020\/03\/DALL\u00b7E-2024-12-04-16.56.58-A-sophisticated-and-elegant-transparent-perfume-essence-bottle-surrounded-by-ingredients-like-bergamot-lemon-green-mandarin-orange-blossom-and-Cal-150x150.webp 150w, https:\/\/www.scentfe.com\/wp-content\/uploads\/2020\/03\/DALL\u00b7E-2024-12-04-16.56.58-A-sophisticated-and-elegant-transparent-perfume-essence-bottle-surrounded-by-ingredients-like-bergamot-lemon-green-mandarin-orange-blossom-and-Cal-768x768.webp 768w\" \/><\/a>\n\t\t<\/div>\n\t<\/div>\n\n\n<div class=\"post-entry-content\">\n\n\t<h3 class=\"ele-entry-title\"><a href=\"https:\/\/www.scentfe.com\/index.php\/project\/project006\/\" rel=\"bookmark\" title=\"Citrus Reverie\">Citrus Reverie<\/a><\/h3><div class=\"entry-excerpt\"><p>Citrus Reverie deniz esintilerinin tazeli\u011fini, Akdeniz&#8217;in serin sular\u0131n\u0131 ve do\u011fan\u0131n e\u015fsiz enerjisini mekan\u0131n\u0131za ta\u015f\u0131r. Bergamot, limon ve ye\u015fil notalar\u0131n zarif birle\u015fimi, mek\u00e2nda sakinle\u015ftirici bir ferahl\u0131k yarat\u0131rken, odunsu ve aromatik dokunu\u015flar uzun s\u00fcre kal\u0131c\u0131 bir huzur hissi sunar. Ofis, ma\u011faza veya ya\u015fam alanlar\u0131n\u0131zda do\u011fal bir rahatl\u0131k ve modern bir atmosfer olu\u015fturmak i\u00e7in m\u00fckemmel bir tercihtir.<\/p>\n<\/div><a href=\"https:\/\/www.scentfe.com\/index.php\/project\/project006\/\" target=\"\" aria-label=\"Read more about Citrus Reverie\" class=\"box-button elementor-button elementor-size-sm\">Case details<\/a>\n<\/div><\/article><\/div><div class=\"owl-nav disabled\"><div class=\"owl-prev\" role=\"button\" tabindex=\"0\" aria-label=\"Prev slide\"><i class=\"feather feather-chevron-left\"><\/i><\/div><div class=\"owl-next\" role=\"button\" tabindex=\"0\" aria-label=\"Next slide\"><i class=\"feather feather-chevron-right\"><\/i><\/div><\/div>\t\t\t\t<\/div>\n\t\t\t\t<\/div>\n\t\t\t\t\t<\/div>\n\t\t<\/div>\n\t\t\t\t\t<\/div>\n\t\t<\/section>\n\t\t\t\t<section class=\"elementor-section elementor-top-section elementor-element elementor-element-4bd8a1d elementor-section-boxed elementor-section-height-default elementor-section-height-default\" data-id=\"4bd8a1d\" data-element_type=\"section\" data-e-type=\"section\">\n\t\t\t\t\t\t<div class=\"elementor-container elementor-column-gap-no\">\n\t\t\t\t\t<div class=\"elementor-column elementor-col-100 elementor-top-column elementor-element elementor-element-bb598c4\" data-id=\"bb598c4\" data-element_type=\"column\" data-e-type=\"column\" data-settings=\"{&quot;background_background&quot;:&quot;classic&quot;}\">\n\t\t\t<div class=\"elementor-widget-wrap elementor-element-populated\">\n\t\t\t\t\t\t<section class=\"elementor-section elementor-inner-section elementor-element elementor-element-eee3c03 elementor-section-boxed elementor-section-height-default elementor-section-height-default\" data-id=\"eee3c03\" data-element_type=\"section\" data-e-type=\"section\" data-settings=\"{&quot;background_background&quot;:&quot;classic&quot;}\">\n\t\t\t\t\t\t<div class=\"elementor-container elementor-column-gap-wider\">\n\t\t\t\t\t<div class=\"elementor-column elementor-col-50 elementor-inner-column elementor-element elementor-element-1f3bb49\" data-id=\"1f3bb49\" data-element_type=\"column\" data-e-type=\"column\">\n\t\t\t<div class=\"elementor-widget-wrap elementor-element-populated\">\n\t\t\t\t\t\t<div class=\"elementor-element elementor-element-3d32ad9 elementor-widget elementor-widget-heading\" data-id=\"3d32ad9\" data-element_type=\"widget\" data-e-type=\"widget\" data-widget_type=\"heading.default\">\n\t\t\t\t<div class=\"elementor-widget-container\">\n\t\t\t\t\t<h3 class=\"elementor-heading-title elementor-size-default\"><span class=\"paint-accent-color\">We are open for hire.<\/span> Let's bring your creative ideas to life together!<\/h3>\t\t\t\t<\/div>\n\t\t\t\t<\/div>\n\t\t\t\t\t<\/div>\n\t\t<\/div>\n\t\t\t\t<div class=\"elementor-column elementor-col-50 elementor-inner-column elementor-element elementor-element-f6c86fa\" data-id=\"f6c86fa\" data-element_type=\"column\" data-e-type=\"column\">\n\t\t\t<div class=\"elementor-widget-wrap elementor-element-populated\">\n\t\t\t\t\t\t<div class=\"elementor-element elementor-element-e557905 elementor-align-justify elementor-widget elementor-widget-the7_button_widget\" data-id=\"e557905\" data-element_type=\"widget\" data-e-type=\"widget\" data-widget_type=\"the7_button_widget.default\">\n\t\t\t\t<div class=\"elementor-widget-container\">\n\t\t\t\t\t<div class=\"elementor-button-wrapper\"><a href=\"http:\/\/www.scentfe.com\/contact\/\" class=\"box-button elementor-button elementor-size-xl\">Contact us now<\/a><\/div>\t\t\t\t<\/div>\n\t\t\t\t<\/div>\n\t\t\t\t\t<\/div>\n\t\t<\/div>\n\t\t\t\t\t<\/div>\n\t\t<\/section>\n\t\t\t\t\t<\/div>\n\t\t<\/div>\n\t\t\t\t\t<\/div>\n\t\t<\/section>\n\t\t\t\t<\/div>\n\t\t","protected":false},"excerpt":{"rendered":"","protected":false},"author":2,"featured_media":0,"parent":19,"menu_order":61,"comment_status":"closed","ping_status":"closed","template":"","meta":{"footnotes":""},"class_list":["post-518","page","type-page","status-publish","hentry"],"_links":{"self":[{"href":"https:\/\/www.scentfe.com\/index.php\/wp-json\/wp\/v2\/pages\/518","targetHints":{"allow":["GET"]}}],"collection":[{"href":"https:\/\/www.scentfe.com\/index.php\/wp-json\/wp\/v2\/pages"}],"about":[{"href":"https:\/\/www.scentfe.com\/index.php\/wp-json\/wp\/v2\/types\/page"}],"author":[{"embeddable":true,"href":"https:\/\/www.scentfe.com\/index.php\/wp-json\/wp\/v2\/users\/2"}],"replies":[{"embeddable":true,"href":"https:\/\/www.scentfe.com\/index.php\/wp-json\/wp\/v2\/comments?post=518"}],"version-history":[{"count":0,"href":"https:\/\/www.scentfe.com\/index.php\/wp-json\/wp\/v2\/pages\/518\/revisions"}],"up":[{"embeddable":true,"href":"https:\/\/www.scentfe.com\/index.php\/wp-json\/wp\/v2\/pages\/19"}],"wp:attachment":[{"href":"https:\/\/www.scentfe.com\/index.php\/wp-json\/wp\/v2\/media?parent=518"}],"curies":[{"name":"wp","href":"https:\/\/api.w.org\/{rel}","templated":true}]}}